Is 1977449 prime?
False
Is 272671 a prime number?
False
Is 26027537 composite?
False
Is 2664983 a composite number?
True
Is 331733777 a composite number?
True
Is 4960645 a composite number?
True
Is 90723881 prime?
False
Is 1013891 prime?
True
Is 125996033 prime?
True
Is 173856751 a prime number?
True
Is 91593287 a composite number?
False
Is 442733 a composite number?
False
Is 2210939 a prime number?
True
Is 2237569 a prime number?
False
Is 539560031 a prime number?
True
Is 5020781 a composite number?
False
Is 8964191 prime?
True
Is 612707 a prime number?
False
Is 1287961 a composite number?
False
Is 1325971 a prime number?
False
Is 380039599 prime?
False
Is 1614533 a prime number?
True
Is 2220679 prime?
False
Is 1615234421 prime?
True
Is 1959521 composite?
False
Is 1879127 a composite number?
True
Is 11637211 a prime number?
True
Is 10276621 composite?
False
Is 124205761 prime?
True
Is 22851121 a prime number?
False
Is 2753923 prime?
False
Is 1031234383 prime?
False
Is 7137259 composite?
False
Is 6836155 prime?
False
Is 115034609 composite?
False
Is 23800486 a prime number?
False
Is 32402219 composite?
False
Is 18889909 a prime number?
True
Is 43490549 composite?
False
Is 1053449 prime?
True
Is 284106157 a prime number?
True
Is 3526351 a prime number?
False
Is 3577771 composite?
False
Is 9119767 a composite number?
False
Is 2926691 prime?
False
Is 4281679 a composite number?
False
Is 706867 prime?
False
Is 4225391 composite?
True
Is 4839227 prime?
True
Is 176813899 composite?
True
Is 5214571 a prime number?
True
Is 177030629 a prime number?
False
Is 7471271 a prime number?
True
Is 107936771 composite?
False
Is 7955879 a composite number?
False
Is 10299479 composite?
False
Is 162631709 composite?
False
Is 140649521 a composite number?
True
Is 15410413 a composite number?
False
Is 1547879 composite?
False
Is 1941073 composite?
False
Is 92033 composite?
False
Is 36076399 prime?
True
Is 9089371 a composite number?
False
Is 88266029 prime?
False
Is 3474599 prime?
True
Is 66678841 a prime number?
False
Is 1139059 prime?
True
Is 95251661 a composite number?
False
Is 845839 a composite number?
True
Is 31170211 prime?
False
Is 1603713 a composite number?
True
Is 624827 composite?
True
Is 2377702 prime?
False
Is 62081017 a composite number?
False
Is 302263 a prime number?
False
Is 11630173 a prime number?
False
Is 10219877 prime?
True
Is 74987249 a composite number?
False
Is 3049399 a prime number?
False
Is 5486111 a composite number?
False
Is 10971071 prime?
True
Is 6041977 a composite number?
False
Is 16863613 a composite number?
True
Is 8326979 a prime number?
True
Is 146980261 a composite number?
False
Is 2665353 a composite number?
True
Is 387578 composite?
True
Is 13021 prime?
False
Is 977627 composite?
True
Is 198780403 prime?
True
Is 19339799 a prime number?
False
Is 3116647 prime?
False
Is 18115403 composite?
False
Is 53416183 a prime number?
False
Is 248737 prime?
True
Is 133933 composite?
True
Is 1028741423 prime?
True
Is 196619 a composite number?
True
Is 216067043 prime?
True
Is 6901187 composite?
False
Is 231795959 a prime number?
False
Is 69178711 a prime number?
False
Is 6551047 a prime number?
True
Is 1167983 prime?
False
Is 61376687 composite?
True
Is 6302473 composite?
False
Is 22980263 prime?
False
Is 4161621 prime?
False
Is 150427 prime?
True
Is 666517 prime?
False
Is 462453419 a prime number?
True
Is 421493 composite?
False
Is 5878459 a composite number?
True
Is 16166867 a composite number?
True
Is 596588347 a prime number?
True
Is 1441507 a composite number?
True
Is 3782591 a composite number?
False
Is 19144751 composite?
False
Is 237928921 prime?
True
Is 3927817 a composite number?
True
Is 62348779 a composite number?
False
Is 2117779 a composite number?
True
Is 9169861 a composite number?
False
Is 345181 a composite number?
False
Is 824641 a prime number?
True
Is 33467903 prime?
False
Is 15550174 a composite number?
True
Is 2332963 a prime number?
False
Is 154347569 composite?
True
Is 4725755 a composite number?
True
Is 10303913 composite?
False
Is 4946581 prime?
True
Is 61039637 composite?
False
Is 13497529 a prime number?
True
Is 234939169 a prime number?
True
Is 5667737 prime?
True
Is 221771 a prime number?
False
Is 30629453 prime?
False
Is 367172363 composite?
False
Is 8922182 a composite number?
True
Is 342346109 a prime number?
False
Is 622837 a prime number?
False
Is 980189065 composite?
True
Is 17744527 prime?
True
Is 1888571 prime?
True
Is 73788971 composite?
True
Is 16334713 prime?
True
Is 508754679 composite?
True
Is 106765499 a composite number?
True
Is 52100977 a composite number?
False
Is 40303139 prime?
True
Is 2508161 a composite number?
False
Is 123118961 composite?
True
Is 46825663 composite?
False
Is 88935001 prime?
False
Is 82930447 a prime number?
True
Is 10360297 composite?
True
Is 197376818 a prime number?
False
Is 80761 composite?
False
Is 4926403 composite?
True
Is 1929487 prime?
False
Is 94786099 composite?
False
Is 48580622 prime?
False
Is 102385507 a composite number?
True
Is 5701405 a composite number?
True
Is 115277401 a composite number?
False
Is 2104261 a prime number?
True
Is 3961349 composite?
True
Is 102278903 a composite number?
False
Is 7509679 composite?
False
Is 5269787 a composite number?
False
Is 204928793 a prime number?
False
Is 21934163 prime?
False
Is 20069067 a composite number?
True
Is 213624401 a composite number?
False
Is 8901209 prime?
False
Is 1459513549 a composite number?
True
Is 2107307 composite?
True
Is 23474393 composite?
False
Is 12215887 prime?
False
Is 6483989 composite?
False
Is 543441971 composite?
True
Is 55459109 a composite number?
False
Is 107072743 composite?
False
Is 71846261 composite?
False
Is 629714105 a prime number?
False
Is 1136809 prime?
True
Is 6227363 prime?
True
Is 22537 a prime number?
False
Is 3437743 a prime number?
True
Is 689761 a prime number?
True
Is 73947851 a composite number?
False
Is 472721519 a composite number?
True
Is 1219047 a composite number?
True
Is 70326167 a prime number?
True
Is 397351 a composite number?
False
Is 10223623 composite?
True
Is 106416329 composite?
True
Is 6265901 composite?
False
Is 9724874 composite?
True
Is 48761189 a prime number?
False
Is 84591599 a prime number?
False
Is 504552731 prime?
True
Is 417863 a composite number?
False
Is 898493 prime?
True
Is 44234857 composite?
False
Is 839873 a composite number?
False
Is 4674781 composite?
True
Is 898503467 composite?
False
Is 142193 a prime number?
True
Is 383395 prime?
False
Is 4101179 a prime number?
True
Is 177649 prime?
False
Is 233159177 prime?
True
Is 519457403 composite?
True
Is 5589733 a prime number?
True
Is 6210521 composite?
True
Is 2234455 a prime number?
False
Is 11283119 composite?
True
Is 717511 composite?
False
Is 37576127 prime?
False
Is 5982257 a composite number?
False
Is 64771537 a prime number?
True
Is 1232087 a prime number?
False
Is 237719779 a prime number?
False
Is 5093033 composite?
True
Is 2410309 a composite number?
True
Is 5943781 a prime number?
True
Is 2351563 prime?
False
Is 376034249 a prime number?
False
Is 38746853 prime?
True
Is 119783297 composite?
True
Is 21251987 a prime number?
True
Is 440058067 composite?
False
Is 28080109 composite?
True
Is 3517387 prime?
True
Is 543589 composite?
True
Is 199520747 a prime number?
True
Is 7315699 a composite number?
True
Is 17492989 prime?
False
Is 16699807 composite?
True
Is 1677199 prime?
True
Is 21012053 a composite number?
False
Is 4601497 a prime number?
True
Is 444531569 a composite number?
False
Is 220459777 composite?
False
Is 1741007 a prime number?
True
Is 13064867 a prime number?
True
Is 56160913 a prime number?
True
Is 7500209 a prime number?
False
Is 2110313 a prime number?
True
Is 5536121 a prime number?
False
Is 4792357 prime?
False
Is 289456987 composite?
False
Is 84218923 a prime number?
True
Is 1151477 prime?
False
Is 250250437 a composite number?
False
Is 7176929 prime?
True
Is 31421449 a composite number?
True
Is 19260427 composite?
True
Is 373253 composite?
True
Is 608339 a composite number?
False
Is 27678367 a prime number?
False
Is 58388327 composite?
False
Is 3785569 prime?
True
Is 516983 composite?
True
Is 11241091 a composite number?
True
Is 1826143 a composite